 0 + 8 + 12*i - 7 + i**3 - 13*i**a. Give f(12).
1
Let n = 5 + -3. Let p be (-4 - 3) + -1 + 11. Let b(z) = -1519 + 1520 - 2*z**3 + 3*z - z**2 + 3*z**p - 4*z. Give b(n).
3
Let a = -10 + 7. Suppose 4*n - 16 + 8 = -4*y, 0 = n + 3*y + 2. Let s(j) = 2*j + 3 + 11*j**2 - 10*j**2 + n*j - 2*j. Give s(a).
0
Let x(o) = o**3 - 2*o**2 - o - 2. Let v(z) = -z**3 + 2*z**2 + 8*z - 12. Let p be v(3). Suppose c = -2*i + 7, 6 = 19*c - 15*c - p*i. Determine x(c).
4
Let h(l) = -6 + 15*l**3 - 13*l**3 + 120*l + 114*l - 338*l + 111*l - 6*l**2. Determine h(4).
54
Let m(c) be the first derivative of -59*c**4/4 + 2*c**2 - 4*c + 3482. Give m(1).
-59
Let s(o) = -o - 1. Let z be s(5). Let u(d) = 7950 + 4*d - 7952 - 13*d**3 + 14*d**3 + 7*d**2. Determine u(z).
10
Let r be ((-4)/(-2))/(3/6). Suppose -26 = -r*u + 5*n, -6*n = -2*u - 2*n + 16. Let v(s) = u - 2*s + 1 - 2 - 4. What is v(4)?
-9
Suppose -27*b = 5*b + 320. Let m(o) = -o + 1. Calculate m(b).
11
Let l(t) be the second derivative of -t**5/10 - 3*t**4/4 - 2*t**3/3 - 3*t**2 + 745*t. What is l(-4)?
-6
Let s(j) be the first derivative of 1/4*j**4 + 8/3*j**3 + 0*j + 34 - j**2. Give s(-8).
16
Let l(v) = -5*v**2 + 14*v + 169. Let u(s) = -27*s**2 + 80*s + 844. Let p(y) = 11*l(y) - 2*u(y). Determine p(-16).
11
Suppose 0 = -b - 16 + 37. Let m = 24 - b. Let g(n) = -53*n**2 - n**m + n + 2*n + 1 + 51*n**2. What is g(-2)?
-5
Let a be 6/4*(635/508)/(5/(-8)). Let f(c) = -57*c - 166. Determine f(a).
5
Suppose -49*p + 54*p + q = -60, -4*p - 48 = 5*q. Let c(z) = -z**3 - 12*z**2 - z - 23. Determine c(p).
-11
Let s(c) = c**2 + 9*c + 7. Let z be s(-8). Let k(m) be the second derivative of -m**3 + m**2 + 40483*m. Give k(z).
8
Suppose 784 = 133*j - 812. Let w(h) = 2*h**2 - 27*h + 24. Give w(j).
-12
Let y(m) be the second derivative of -m**3/6 + 3*m**2 + m. Let c be 13 - ((-55)/11 - -12). Calculate y(c).
0
Suppose x + 5*c = -6 - 19, 36 = -4*x - 4*c. Let w(a) be the first derivative of -2*a**3 - 1/4*a**4 - 13 - 7*a - 3*a**2. Determine w(x).
-2
Let a(h) = h**2 + 11*h + 20. Let g(m) = 11*m**3 + 3*m**2 - 10*m - 12. Let q be g(-1). Give a(q).
10
Let g(l) be the first derivative of l**6/120 - l**5/12 + l**4/24 + l**3/2 + 39*l**2/2 + 51. Let m(c) be the second derivative of g(c). Calculate m(5).
8
Let f(m) = 1064*m + 1. Let x(p) = 1274*p + 1. Let c(y) = 6*f(y) - 5*x(y). Let g(a) = -a**2 - 4*a - 4. Let d be g(-3). Give c(d).
-13
Let b(s) = 140*s - 4278 - 138*s + 4238. Give b(15).
-10
Let r(b) = 644*b - 66. Let k(i) = 104*i - 11. Let d(u) = 37*k(u) - 6*r(u). What is d(0)?
-11
Let p(o) = -2*o**3 - 5*o**2 + 63*o + 3. Suppose 165*y = 231*y + 462. Give p(y).
3
Suppose 4*p = 2*t + 86, -2 - 8 = -2*t. Let x(m) = -8 + p*m - 12*m - 4 + 2 - m**2. Calculate x(9).
17
Let j(f) = f**2 - 8*f - 5. Let a(u) = -4*u + 42. Let k be a(11). Let l = k - -17. Suppose -l*t + 27 = -12*t. Give j(t).
4
Let b(k) be the third derivative of k**6/360 - k**5/15 + k**4/8 - 28*k**3/3 + 3*k**2 - 20*k. Let r(g) be the first derivative of b(g). What is r(9)?
12
Let l(x) = -x - 8. Let f(m) = -11*m**2 - 3*m + 2. Let k = -144 + 143. Let w be f(k). Give l(w).
-2
Let y(p) = 2*p**3 + 2*p**2 - p + 4. Let u be y(0). Let j(g) = -g**2 - 12*g + 32. Determine j(u).
-32
Let x(p) = 8*p - 47. Let w(v) = 2*v**3 + 152*v**2 - 5*v - 375. Let j be w(-76). Calculate x(j).
-7
Suppose m + 4*n - 16 = -22, 2 = 5*m + 4*n. Suppose -87 + 105 = m*i. Let q(g) = g + 2. Determine q(i).
11
Let u be 10 + -10 + (0 - 3). Let y(c) = 2*c + 17. Let b be y(-7). Let k(h) = 1 + 3*h - h**b - 5 + 5*h**2 + 2*h**3. Calculate k(u).
5
Let q(o) = -4*o - 44. Let a be q(8). Suppose -3*b = -8*b - 420. Let x = a - b. Let g(w) = w**3 - 9*w**2 + 11*w - 11. Give g(x).
13
Suppose 4*q + q = -40. Let s = q - -4. Let l(r) be the first derivative of -r**4/4 - r**3 + 3*r**2/2 + 3*r - 137. What is l(s)?
7
Let f be (0 - -2)/(1*(1 - 2)). Let u be (1 - f)*(-1 - -3)/2. Let c(d) = -1 + 3*d + u*d - d - 4*d. Determine c(5).
4
Let y(n) be the first derivative of -n**3/3 + 9*n**2/2 + 109*n - 1047. Give y(16).
-3
Let d(m) = 5*m**3 + 8*m**2 - 4*m - 5. Let k(f) = 226*f - 1 + 3*f**3 + 229*f - 455*f. Let t(o) = d(o) - 2*k(o). Calculate t(7).
18
Let j(u) = u - 1. Let d be ((-2)/7)/((-21)/(-49))*6. Let x(r) = r**3 + 4*r**2 - 2*r - 5. Let c be x(d). Suppose 0 = -q + c*y, q - 11 = 5*q - y. Give j(q).
-4
Suppose -10*y = -5*y + 4*z + 67, y - 5*z = -25. Let j(a) = 2*a**2 + 30*a - 14. Give j(y).
-14
Let b(s) = -2*s**3 + 48*s**2 - 115*s - 179. Let x(q) = -q**3 + 24*q**2 - 55*q - 89. Let k(y) = -3*b(y) + 7*x(y). Give k(22).
2
Let b(m) = m**2 + 15*m + 33. Let g = -147 + 135. Calculate b(g).
-3
Let n be 6 - (2 - -3 - 7). Suppose -n - 19 = -3*u. Let l(z) = -z**3 + 10*z**2 - 10*z + 9. Determine l(u).
0
Let y(f) = 2*f**2 - 5*f - 2. Suppose 0 = -20*q + 10*q. Suppose q = -2*c - v + 5, -v - 1 - 4 = 0. Calculate y(c).
23
Let t be 5/(35/(-14))*1/(-2). Let d be (-1 + t/(-2))*(-1408)/192. Let k(l) = -l**2 + 12*l - 2. Give k(d).
9
Let a = -216 + 255. Let i(f) = -20*f**2 + 36 + 19*f**2 - f - a. Calculate i(3).
-15
Suppose 51 = 5*i + 3*t, -5*i + 4*i + 5*t - 1 = 0. Let a(l) = -28*l + 240. Calculate a(i).
-12
Let j(a) be the third derivative of -a**6/360 + 7*a**5/120 - a**4/12 + 13*a**3/6 + 6*a**2. Let u(l) be the first derivative of j(l). What is u(4)?
10
Suppose 15*r = -6*r + 5*r - 64. Let f(x) = 2*x**2 - x**3 + 2 - 4*x**2 - x - 7*x**2 + 3*x**2. Give f(r).
-26
Let t(g) = -12 - 17 + 230*g - 229*g. Let k be t(26). Let v(w) = -w**2 - 3*w - 1. Determine v(k).
-1
Let p(i) = 59 + 70 + 1683*i - 1705*i + 102. Calculate p(9).
33
Let t(i) = -i**2 - 8*i + 34. Let l(f) = -f**2 - 8*f + 33. Let x(n) = -7*l(n) + 6*t(n). What is x(-11)?
6
Let t(f) = -2*f**2 + 35*f - 42. Let w be (-520)/(-3900) + (-238)/(-15). Determine t(w).
6
Let g(m) = 2*m**2 + 25*m - 14. Let r = -355 - -342. Let v be g(r). Let i(h) be the first derivative of -7*h**2/2 + h + 1. Determine i(v).
8
Let n(t) = t + 26. Suppose 44 = -3*k + k. Let u be n(k). Let x(d) = -d**2 + 26*d + 31*d - 63*d - u. Determine x(-5).
1
Let n(o) = -7*o**2 - 24*o - 4. Let l(k) = k**2 - 4*k**2 - 45*k - 2 + 33*k. Let a(h) = 5*l(h) - 2*n(h). Calculate a(-9).
25
Let x(f) = 7*f - 20 - 2*f**2 - f**2 - 20*f + 4*f**2 + 2*f. Calculate x(11).
-20
Let z(x) = -x**3 + 5*x**2 + 6*x + 1. Let l = -103 - -178. Suppose 5*k + 4*f + 20 = 99, -5*k + l = 5*f. Let c = k - 13. Determine z(c).
1
Let p = 153 - 147. Let h(q) = 11*q**3 - q - 18*q**3 + p*q**3 + 5*q**2. Give h(5).
-5
Let b(k) = 17*k - 12. Let h = -1484 - -1491. Give b(h).
107
Let w(i) be the second derivative of 25*i**3/6 - i**2 - i + 110. What is w(0)?
-2
Let k(z) = 114*z - 3 + 12*z - 125*z + 0. Give k(-13).
-16
Suppose 2806 = -31*d + 11610. Let q = d + -283. Let v(k) be the third derivative of -k**4/3 + k**2. Determine v(q).
-8
Let f(p) be the third derivative of -1/24*p**4 + 2*p + 0 - 3*p**2 + 1/6*p**3. Let x be (-49)/(-5) + (-8)/10. Determine f(x).
-8
Let z = 212 - 200. Let l(g) = 2*g + 0*g - z*g**2 + 12 - 2*g**2 + 13*g**2. Determine l(-5).
-23
Let c(u) = u**3 + 4*u**2 + 2*u + 2. Let w(s) = -s**3 - 12*s**2 + 17*s. Let a be w(-13). Let l = a + 68. Let n be ((-62)/l - (-5)/(-40)) + 0. Determine c(n).
-6
Let c(t) = -65*t - 37. Let h(r) = 43*r + 36. Let m(p) = 2*c(p) + 3*h(p). Determine m(3).
31
Let h(r) = -12 - 22 - 14 + 66 - 11 - 3*r. What is h(0)?
7
Suppose -9*z + 61 - 28 = -3. Let y(h) = h - 1. Give y(z).
3
Let x be (((-10)/4)/(-5))/((-3)/42). Let d(s) = -7 - 11 + 6 + 7 + 5*s. Calculate d(x).
-40
Let r(c) = -11*c - 2. Let j be r(-1). Let v(w) = -1 + 0 - j + w. Suppose 49 = -6*g + 13*g. Give v(g).
-3
Let h(l) = l**3 + 5*l**2 + 5*l + 3. Suppose 5*b + 8 = -5*z - 22, -2*b - 28 = 4*z. Let m(g) = -16*g - 131. Let q be m(z). Calculate h(q).
6
Suppose -14*b - 184 = -106*b. Let f(z) = -11*z**3 + z**2 + 3*z - 5. What is f(b)?
-83
Let g(p) = 11*p**2 + 2*p - 9. Let k(x) = 9*x**2 + 2*x - 7. Let i(n) = 5*g(n) - 6*k(n). Calculate i(0).
-3
Let q = -23 - -27. Suppose 4*i + f - 92 = 0, 4 = q*f - 5*f. Suppose -4*k - i = -0*k. Let c(t) = t**3 + 6*t**2 + 5. Determine c(k).
5
Suppose 4*x + x - 50 = 0. Let b(o) be the first derivative of -o**4/4 + 11*o**3/3 - 9*o**2/2 - 14*o + 11571. What is b(x)?
-4
Let k(y) = -4*y**2 + 3 + 2 + y**3 + y**2 - 3*y. Let l = -24893 + 24897. What is k(l)?
9
Let j(s) = -7*s**2 + 27*s - 7. Let i(f) = 22*f**2 - 81*